d derivative of -7*f**5/10 + f**4/12 - f**2/2 + 2*f. Let p be l(-1). Calculate the greatest common factor of p and 28.
14
Let j be 0 - -4 - (0 - 1). Suppose j*k = -q + 200, 5*k - 3*k + 5*q - 80 = 0. Calculate the greatest common divisor of 16 and k.
8
Let q(d) = d**2 - 8*d - 8. Let a be q(10). Let p be a/(-30) - (-244)/10. What is the highest common divisor of 8 and p?
8
Let p = -1 - -10. Let j(i) = 3*i**2 - 5*i - 5. Let g be j(-4). What is the highest common divisor of p and g?
9
Let t = 5 - -43. What is the greatest common factor of 12 and t?
12
Let d be (-1)/5 + (-36)/(-5). Suppose d*j - 570 = 2*j. Suppose j = 3*x - 81. What is the greatest common divisor of x and 13?
13
Suppose -s - v + 11 = 0, 3*s + 2*s - 69 = 2*v. Suppose 3*x + 2*x = 325. What is the greatest common divisor of s and x?
13
Suppose 0 = x - 38 - 13. Suppose -1 = -2*o + x. Suppose 3*u = 4*u - o. What is the greatest common factor of u and 156?
26
Suppose 5*n = 524 + 126. Let p be (12/15)/(2/n). Let y be 2592/p - (-4)/26. What is the highest common factor of 20 and y?
10
Let i(l) = -l + 15. Let k be i(11). Suppose 12 = -k*s + 7*s. Calculate the highest common factor of 28 and s.
4
Let c = -215 - -236. Calculate the greatest common factor of c and 315.
21
Let n(l) = l**2 + 4*l - 5. Let f be n(-5). Suppose 20 = 2*j + y, 3*j - 8 = 4*y - f. What is the highest common divisor of 8 and j?
8
Suppose -3*m + r + 28 = 0, -4*m + 2*m - r = -22. Calculate the greatest common divisor of m and 50.
10
Let v(a) = -2*a**3 - 31*a**2 + 2*a - 3. Let w be v(-16). What is the highest common factor of w and 13?
13
Suppose 9*m - 30 = 4*m. Let p be (-14 - 0)/((-1)/3). Calculate the highest common factor of p and m.
6
Let a = 23 + -8. Let p = a - 1. Calculate the greatest common factor of p and 112.
14
Let k be (-1 - 1) + 1 - 1. Let d be (-48)/(-9)*(-3)/k. Suppose -v + 14 = 3*n, v + 0*v - 4 = 2*n. Calculate the greatest common factor of d and v.
8
Let j = -76 + 92. Let p be (-142)/(-6) + (-2)/(-6). What is the highest common factor of p and j?
8
Suppose 4*m - 19 = g, 3 - 2 = m - 4*g. Suppose x - 51 = 4*x. Let q = -12 - x. Calculate the highest common factor of q and m.
5
Let k(q) = 24*q - 15. Let m be k(4). Let z be 2 + -1 + (52 - -1). What is the greatest common factor of m and z?
27
Let v = 97 + -42. What is the greatest common factor of v and 33?
11
Suppose 2*y + 44 = 6*y. Suppose 3*b - 264 = -0*b. Calculate the highest common divisor of b and y.
11
Let t be (10/(-15))/((-1)/96). Let g = t - 42. Let o = -15 + g. What is the highest common factor of o and 35?
7
Let t be (6/4 + 2)*2. Suppose -7*p = -2*p + 3*q - 388, 5*p - q = 384. What is the highest common factor of t and p?
7
Let d(g) = -g**2 + 15*g - 9. Let y be d(9). What is the greatest common divisor of y and 9?
9
Let g(x) = -10*x. Let k be g(-4). Let a be 528/10*k/6. Suppose 0 = 5*j - j - a. Calculate the greatest common divisor of 11 and j.
11
Let l be 1*(3/1)/3. Let m = 1 + l. Suppose 0 = m*n - n - 24. What is the highest common divisor of n and 8?
8
Suppose 4*x - 60 = 2*d, 0*d = 4*x + d - 72. Calculate the greatest common divisor of 153 and x.
17
Suppose -v + 2*u - 66 = 0, -318 = 5*v - 7*u + 3*u. Let m = 161 + v. What is the greatest common factor of 9 and m?
9
Let o(i) be the third derivative of -i**4/8 - 2*i**3/3 + 7*i**2. Let k be o(-8). Calculate the highest common factor of k and 4.
4
Suppose 0*y + 22 = h + 2*y, 4*h + 5*y = 91. What is the highest common factor of 16 and h?
8
Let o be (-3)/(-3) - (-1)/1. Suppose 11 + 437 = o*j. What is the highest common factor of j and 28?
28
Suppose x + 2016 = -2*x. Let t be (x - 3)/(-3) - 1. Calculate the highest common factor of 28 and t.
28
Let q(g) = g. Let m be q(-3). Let z = 4 + m. Let p = 1 + z. What is the greatest common divisor of 5 and p?
1
Suppose -n - 716 = -4*q, -4*n + 276 - 80 = q. Let u be (-37)/(-2) + 9/6. Calculate the highest common divisor of q and u.
20
Suppose x + 43 = 5*t, 5*t - 2*x - 28 - 18 = 0. Let y = -6 + t. Calculate the greatest common divisor of 10 and y.
2
Let s(t) = -t**2 + 14*t + 12. Let h be s(14). What is the highest common factor of 8 and h?
4
Suppose -257 = -5*g + 3*h, g + 0*g + 4*h = 33. Calculate the greatest common divisor of 196 and g.
49
Let w be -2 + -1 + 3 - -52. Suppose 15 = 4*p - 5, -4*p = 5*n + 130. Let q = n + w. Calculate the highest common factor of 2 and q.
2
Let z = 179 - 105. Suppose -4*r - 4*t + z = -r, 3*t + 21 = 2*r. What is the highest common divisor of 6 and r?
6
Let q be 710/(-14) + 2/(-7). Let i = q + 79. What is the highest common factor of 28 and i?
28
Let s = 26 + -12. What is the greatest common factor of 126 and s?
14
Suppose 3*r + 0*r = 5*v - 297, 2*r + 2*v + 214 = 0. Let y be 4/18 + r/(-18). Let x be 27/y*8/6. Calculate the highest common factor of x and 42.
6
Suppose 3*f - 248 = 97. What is the greatest common factor of 46 and f?
23
Let x be 2/4*90 - (-5 - -2). Let n(s) = s**3 + 3*s**2 - 5*s - 3. Let g be n(-3). What is the greatest common divisor of x and g?
12
Let b = -68 + 33. Let a be (-10)/b + (-26)/(-7). Let c be (-6)/(-27) + (-322)/(-9). What is the highest common factor of a and c?
4
Suppose 0 = w - 3*n - 2 - 23, -4*n - 60 = -3*w. Let s = w + -8. What is the greatest common divisor of 2 and s?
2
Let u be 285/9 - 0 - 2/(-6). Let k(j) = 57*j**2 + 2*j. Let n be k(-2). What is the highest common factor of u and n?
32
Suppose 122 = 10*k - 68. Calculate the greatest common divisor of 133 and k.
19
Suppose 5*b - 148 - 96 = -4*a, 2*a + 5*b - 132 = 0. Suppose 0 = -k + 3*n + 14, -3*k + n = 2*n - 42. What is the greatest common divisor of a and k?
14
Let o = 9 - 6. Suppose -2*g = -3*u - 13, 3*g + 3*u - 2*u = 36. Let n = -8 + g. Calculate the highest common divisor of n and o.
3
Suppose -5*r = -428 - 382. What is the greatest common divisor of r and 54?
54
Suppose -7*t + 59 - 10 = 0. Calculate the highest common divisor of 21 and t.
7
Suppose 5*g = 3*t - 54 - 89, 197 = 5*t + 2*g. Let c = t - 28. What is the highest common factor of c and 143?
13
Let t = -10 - -6. Suppose -p = 2*p - 120. Let d = p - t. Calculate the greatest common divisor of d and 11.
11
Suppose -5*h = -2*h - 171. Let q = 13 + 6. What is the greatest common factor of q and h?
19
Let b = 83 - 48. Suppose -x = 2*m - 52, 2*m - 4*x + 3 = b. What is the greatest common divisor of m and 16?
8
Let q = 17 - -11. What is the greatest common factor of q and 42?
14
Suppose 0 = g + 2. Let b be (g - 13)*(-2)/5. Suppose b*s - 3*s = 168. What is the greatest common factor of 14 and s?
14
Suppose -4*q + 31 = -1. Calculate the highest common factor of 8 and q.
8
Let u be 0 - (-14 + 3/(-1)). Suppose -2 = -3*v - u, 4*v = -5*r + 430. What is the greatest common divisor of r and 9?
9
Suppose -2*a + 162 = a. What is the greatest common divisor of 36 and a?
18
Let d(o) = -3*o - 8. Let q = -7 + 1. Let c be d(q). Calculate the highest common factor of c and 20.
10
Let h(u) = -2*u**2. Let c be h(1). Let m be 2/c + 32/8. Suppose m*l = -3*i - 2 + 38, -4*i = -5*l + 96. Calculate the greatest common divisor of l and 40.
8
Let n(c) = -c - 9. Let y be n(-12). Suppose g + g - 171 = -3*z, 3*z = -y*g + 261. Calculate the highest common factor of 30 and g.
30
Suppose 1 = -p - q - 2*q, 19 = 5*p + 3*q. Let n(l) = 3*l**3 - l**2 + 2*l + 2. Let a be n(3). Suppose k = -k + a. What is the greatest common factor of k and p?
5
Suppose o = 3*o - 24. Let a be 1/3 + 790/6. Calculate the greatest common divisor of o and a.
12
Let o(d) = -4*d + 3*d + 0*d. Let t be o(0). Let j be (1 - t) + 28/2. Calculate the greatest common divisor of j and 15.
15
Suppose -34 = -0*k - k + 5*w, 2*w = -3*k + 68. Calculate the highest common factor of k and 264.
24
Let g = 174 - 173. Calculate the highest common factor of 23 and g.
1
Suppose 0 = -6*h + 2*h + 192. What is the greatest common divisor of h and 3?
3
Suppose 36 = -4*c + 8*c. Calculate the greatest common factor of c and 1.
1
Suppose 10 + 5 = 3*x. Let d(z) = -z**3 - 8*z - 4. Let q be d(-6). Suppose 5*k + q = 5*o, -o + 3*k = k - 49. Calculate the greatest common divisor of o and x.
5
Let m be (-57*8/12)/(-2). Let t = m + -16. Let p = -3 + 4. Calculate the highest common divisor of p and t.
1
Suppose 9*g - 10 = 4*g. Let v = -11 - -14. Suppose 0 = 3*t + 15, 27 = v*u - t - 2*t.